t z(t) = 7*t**3 + 10*t**2 + t - 18. What are the prime factors of z(7)?
2, 3, 5
Let d = 20426 + -11197. List the prime factors of d.
11, 839
Let p = 102 - 98. What are the prime factors of (6/p - (-5)/(-10))*137?
137
Suppose -k - 1246 = 8*m - 10*m, -m - 4*k = -641. Let i = 1374 - m. What are the prime factors of i?
7, 107
Suppose -110*t = -1589993 - 1777918 - 715399. What are the prime factors of t?
7, 5303
Let d(r) = -21*r**3 + 0 + 2 - 17*r + 22*r**3 + 3*r**2 - 2*r**2. What are the prime factors of d(6)?
2, 19
Suppose 5*i = -5*g + 30740, 3*g - 8*i - 18426 = -14*i. What are the prime factors of g?
2, 17, 181
Let m be (1680/(-45))/(3/(-216)). Let p = -1562 + m. List the prime factors of p.
2, 563
Let a = -214 + 216. List the prime factors of (-3 - a) + (-1)/((-3)/789).
2, 3, 43
Suppose 3*w - 11*i - 43362 = 0, 5*w + 2*i - 72270 = -3*i. What are the prime factors of w?
2, 3, 11, 73
Let z = 84 - 84. Suppose -3*k + 24 = 2*g + g, g + 2*k - 13 = z. Suppose -m - 2*j - g*j + 94 = 0, 4*m - 4*j - 424 = 0. What are the prime factors of m?
2, 13
Let d(u) = -u**3 + u**2 + 388. Let x be d(0). Let c = x - 166. What are the prime factors of c?
2, 3, 37
Let g(x) be the second derivative of x**4/2 + x**3/2 + 25*x**2/2 + 93*x. What are the prime factors of g(-10)?
5, 7, 17
Suppose 5*j + 4*f = 3*f + 2059, -4*f - 1217 = -3*j. What are the prime factors of -2 - j*35/(-15)?
3, 11, 29
Let r be 16/14 + (-168)/(-196). Suppose 6*o = -r*o + 5232. What are the prime factors of o?
2, 3, 109
Let g = -61 - -95. Let d = g + -4. Suppose -5*p = -d - 445. What are the prime factors of p?
5, 19
Suppose 0 = -5*g - 6*g + 5599. Suppose 7*z - 1612 - g = 0. What are the prime factors of z?
3, 101
Let a = 134 + -142. List the prime factors of (a/10)/((-34)/(-85)) + 395.
3, 131
Let n(r) = 3*r**3 - 7*r**2 + 7. Let g(t) = 2*t**2 + t + 1. Let d(h) = -g(h) + n(h). List the prime factors of d(7).
587
Let r = -202 - -206. Suppose -k - r*x + 0*x = -179, -k + 5*x = -134. What are the prime factors of k?
3, 53
Suppose 201*q + 3*b = 199*q + 152859, 0 = -9*q + 2*b + 687819. What are the prime factors of q?
3, 5, 1019
Let a be 2 + 0 - -2 - (-640)/16. Suppose b - 1089 - a = 0. List the prime factors of b.
11, 103
Let x = -1606 - -2310. Suppose 0 = 7*o - 206 - x. List the prime factors of o.
2, 5, 13
Let t be (3 - (6 + -4)) + -1 - -7. Let l(w) = -7*w + 45. Let z be l(t). List the prime factors of (-9)/(-6) - 250/z.
2
What are the prime factors of ((-11586)/8 - (-106 + 113))/((-3)/24)?
2, 5821
Suppose 23*h - 6980 = 21655. Suppose -h = -4*f - 233. What are the prime factors of f?
11, 23
Let i be (4 - 11)*(0 + -6). Suppose -i*f + 50*f = 888. List the prime factors of f.
3, 37
Suppose 0 = -8*t + 176 - 160. List the prime factors of ((21/t)/(-7))/((-12)/232).
29
Let c(i) = -i**3 + 13*i**2 - 6*i + 8. Let b be c(6). Let k = b + -117. What are the prime factors of k?
107
Let o(t) = 9*t + 1. Let f be o(3). Let m = 33 - f. Suppose -3*d = 2*d + m*s - 10, -d = -s - 10. List the prime factors of d.
2, 3
Suppose -158*l = -4789694 - 2053018 - 1964050. List the prime factors of l.
139, 401
Let t(m) = m**2 - 2*m + 2. Let x be t(3). Let z(h) = -3*h**2 + 4*h + 1. Let p(s) = -s**2 + s + 1. Let r(v) = 10*p(v) - 4*z(v). List the prime factors of r(x).
2, 13
Let b be (1/(-1))/((-3)/54). List the prime factors of 1234/4 - (2 - 9/b).
307
Let z(d) be the second derivative of d**5/20 + 11*d**4/6 - 7*d**3/6 + 30*d**2 + 259*d. List the prime factors of z(-19).
2, 11, 29
Let f = -36429 - -62161. List the prime factors of f.
2, 7, 919
Let j = 354 - 206. Let d = -3 + j. List the prime factors of d.
5, 29
Let g be 0/(3 + 0 - 5) + -26. Let m = -130 + 21. List the prime factors of g/13 - m*(-2)/(-2).
107
Suppose -3*n + 5*y + 21 = 0, 4*n - 5*y = 7 + 16. Suppose n*g - 5329 = -3*w, -10*g = -13*g - 3. What are the prime factors of w?
1777
List the prime factors of 5 + (432810/(-9))/(-15).
13, 19
Suppose -1 = -q + 2*y, -q - 11 = -2*q - 3*y. Let k(a) = 3*a - 2*a - 13*a**2 - 3*a - 6 - a**3 + q*a**2. What are the prime factors of k(-8)?
2, 5
Let x(z) = 175*z**2 + 8*z - 261. What are the prime factors of x(-12)?
3, 7, 13
Suppose 4*d - 5*f = 72230, -3*d + 94*f = 89*f - 54175. What are the prime factors of d?
5, 23, 157
Suppose 24*y - 34819 + 9475 = 0. Let f = y + -522. What are the prime factors of f?
2, 3, 89
Let j(f) = -4*f**3 - 2*f**2 + 3*f + 5. Let o be j(-1). Suppose t - o*y - 549 = -9*y, -2*y + 537 = t. What are the prime factors of t?
23
Let q(y) = -2*y**3 - 14*y + 44. Let m(i) = -i**3 + i**2. Let s(p) = -m(p) - q(p). List the prime factors of s(7).
2, 11, 47
Suppose 31 = -4*w - 77. Let z = 53 - w. Let t = z + -1. List the prime factors of t.
79
Let s = 230 - 226. Suppose 5*k = 2*k + 4*w + 1307, 5*w + 1742 = s*k. List the prime factors of k.
433
Suppose 5*s = 53 - 33. Suppose -4*i + 2*i = -8, s*i = 3*p + 7. Suppose 292 = 2*w - p*d, -4*d - 146 = -w - 6*d. What are the prime factors of w?
2, 73
Suppose 0 = 52*d - 18159 - 51734 - 551455. List the prime factors of d.
3, 7, 569
What are the prime factors of 56622 + 7 + (-14 + 5 - -11)?
3, 43, 439
Let k be -58*((-13)/(-52))/((-1)/4). Suppose 7*u - 5*u - 4*d - k = 0, -2*d + 145 = 5*u. List the prime factors of u.
29
List the prime factors of (119/(-14) - -7)/((-39)/129272).
2, 11, 113
Let x(h) = -h**3 - 85*h**2 - 233*h + 537. List the prime factors of x(-87).
2, 3, 1997
Let a = 13833 - 7103. What are the prime factors of a?
2, 5, 673
Let f = 1053 - -1832. What are the prime factors of f?
5, 577
Let z(p) = p**2 - 3*p - 28. Let v be z(7). Let i(t) = t**3 - t**2. Let h be i(v). Suppose 5*x - 210 = -h*x. List the prime factors of x.
2, 3, 7
Suppose 2*c - 5*c = -699. Suppose -3*h + 353 = -5*m, 0*h - 2*h + c = -m. Let y = 178 - h. List the prime factors of y.
2, 31
Let l be (-30)/20*(-2 - -3 - -649). Let b = l + 1517. What are the prime factors of b?
2, 271
Let z be -4*(1 + -4 + 655/(-4)). Let f = z - 449. What are the prime factors of f?
2, 109
Let t be ((-140)/(-84))/((-10)/(-108)). Let r(i) = 3*i + 20 + 7*i + 32. What are the prime factors of r(t)?
2, 29
Let p be ((-1391)/39)/((-1)/3). Let x be (-176 - -5)*(-2 - -1). Let r = x - p. List the prime factors of r.
2
Suppose 5173855 - 2214815 = 200*s - 6796560. What are the prime factors of s?
2, 29
Suppose -30832 = -15*o + 7493. List the prime factors of o.
5, 7, 73
Suppose 0 = -2*v + 5*f + 1492, -346 = -v - 4*f + 374. Suppose 11*q = -5*q + v. List the prime factors of q.
2, 23
Let t(d) = 5147*d**2 + 8*d + 23. What are the prime factors of t(2)?
20627
Let n = 1407 + -949. Let a = -130 + n. Let v = a + -178. What are the prime factors of v?
2, 3, 5
Let c(s) = 2*s**2 - 8*s - 5. Let w be c(16). Let y = w + -48. Suppose 2*f - 2 = -0*f, 0 = 4*z - f - y. What are the prime factors of z?
83
Let k(x) = -19*x**3 + 3*x**2 + 2*x + 5. Suppose 79*i + 30 = 69*i. List the prime factors of k(i).
7, 11
Suppose 10*k + 36 = 14*k. Let w(x) = -x + 13. Let g be w(k). Suppose 0 = -0*f - g*f + 304. What are the prime factors of f?
2, 19
Suppose -7*r + 10*r = 237. Suppose -5*m + 147 + 188 = 0. Let n = m + r. What are the prime factors of n?
2, 73
Suppose -85*w + 72*w + 91455 = 0. List the prime factors of w.
3, 5, 7, 67
Let f(j) = j**3 - 25*j**2 - 16*j - 90. What are the prime factors of f(30)?
2, 3, 5, 131
Let u = 4186 - 1891. List the prime factors of u.
3, 5, 17
Suppose 15*z = 16*z - 30. Let n = 556 - z. What are the prime factors of n?
2, 263
Suppose v + 68630 = 3*t, -4*t - v - 18071 = -109573. List the prime factors of t.
2, 7, 19, 43
Let i(d) = 10*d + 5*d**2 + 3*d**2 + 5 + 2*d**2 - 7*d**2. List the prime factors of i(-11).
2, 3, 43
Let d(o) = -517*o + 6955. List the prime factors of d(-17).
2, 3, 41
Suppose 4*a + 12 = -2*x - 8, 3*a = -5*x - 15. Suppose -269*m + 266*m = 39. List the prime factors of 1 - (-3 - -7) - (m + x).
2, 5
Let u = 2359 + 1754. What are the prime factors of u?
3, 457
Let c(k) = 233*k**2 + 10*k - 9. Let i be c(1). Suppose -2*l - 8 = 0, -3*t + i + 1318 = 5*l. List the prime factors of t.
2, 131
Let i(j) be the first derivative of 3*j**4/4 + j**3 - 11*j**2 + 34*j + 34. What are the prime factors of i(5)?
2, 11, 17
Let q = 23 + -119. Let v = q + 26. Let u = 22 - v. List the prime factors of u.
2, 23
Let y(d) be the second derivative of 0 - d + 1/12*